ne a(178).
40
Let t(x) = -x**3 + 40*x**2 + 288*x - 62. Calculate t(46).
490
Let t(l) = 4804*l - 72076. Determine t(15).
-16
Let x(i) = 114*i - 18055. Calculate x(141).
-1981
Let m(r) = 1071*r - 120972. Give m(115).
2193
Let d(c) = -10*c**2 + 107*c - 18. Calculate d(16).
-866
Let v(j) = 109*j**2 + 333*j - 117. Give v(-3).
-135
Let q(d) = -d**3 + 5*d**2 - 1240*d - 49761. Determine q(-25).
-11
Let g(a) = -423915*a - 847833. What is g(-2)?
-3
Let t(a) = 46*a**2 + 5576*a - 299. What is t(-121)?
-1509
Let k(n) = 381*n**2 + 203*n + 204. What is k(-1)?
382
Let l(a) = -a**3 + 108*a**2 + 151*a + 6725. What is l(110)?
-865
Let i(c) = -2*c**3 - 58*c**2 + 438*c + 10548. What is i(-30)?
-792
Let x(c) = 2*c**3 - 176*c**2 - 40*c + 352. Calculate x(88).
-3168
Let w(l) = l**2 - 2286*l - 848576. Determine w(-325).
-1
Let u(h) = 101*h**2 - 599*h - 749. Calculate u(7).
7
Let a(o) = 4*o**2 - 90*o - 35. Calculate a(28).
581
Let l(r) = 32*r - 10736. What is l(117)?
-6992
Let h(q) = q**3 + 193*q**2 + 4217*q + 2852. Calculate h(-168).
-4
Let o(g) = g**2 + 35*g - 190. Give o(-39).
-34
Let k(y) = 4*y + 263. Calculate k(-48).
71
Let k(u) = -8*u**2 + 2057*u + 27912. What is k(-13)?
-181
Let i(o) = 6*o - 347. Give i(14).
-263
Let a(m) = 990*m - 430668. Calculate a(435).
-18
Let b(a) = 260*a**2 + 7623*a + 14209. Give b(-2).
3
Let p(h) = -490*h**2 + 9*h + 9. What is p(-1)?
-490
Let l(t) = t**3 - 65*t**2 - 59*t - 55. What is l(65)?
-3890
Let v(m) = -1300*m - 107909. Give v(-83).
-9
Let p(f) = 98*f**2 - 998*f - 892. Give p(11).
-12
Let r(m) = m**2 + 34*m - 10261. Determine r(-120).
59
Let g(q) = 2*q**2 - 335*q - 23391. What is g(-53)?
-18
Let y(v) = -532*v - 170796. Calculate y(-321).
-24
Let o(t) = 20511*t - 492265. What is o(24)?
-1
Let v(b) = -1832*b - 35725. Calculate v(-20).
915
Let u(m) = 246*m - 35199. What is u(145)?
471
Let h(m) = -m**3 + 93*m**2 - 825*m - 1112. Calculate h(83).
-697
Let x(r) = r**2 - 435541*r - 2. Determine x(0).
-2
Let r(d) = -12216*d + 146338. Give r(12).
-254
Let k(c) = -3*c**2 + 1371*c - 34828. Calculate k(27).
2
Let t(g) = 105*g**2 + 166*g + 170. Determine t(-2).
258
Let f(j) = 184*j + 194. Give f(-1).
10
Let v(s) = -55416*s - 387922. Calculate v(-7).
-10
Let y(n) = n**3 - 15*n**2 + 31*n - 148. Calculate y(6).
-286
Let d(p) = p**3 + 39*p**2 - 850*p - 9106. Determine d(-52).
-58
Let d(c) = c**2 + 1471*c + 238002. Give d(-185).
92
Let f(n) = -20*n**2 - 638*n - 3182. Determine f(-5).
-492
Let x(l) = -129*l**2 + 3993*l - 13889. Determine x(4).
19
Let o(w) = -1133*w + 9487. Calculate o(7).
1556
Let u(x) = -814*x**2 + 5422*x - 3226. What is u(6)?
2
Let r(t) = t**3 + 47*t**2 - 20960*t - 8504. Calculate r(-170).
-4
Let l(r) = -5*r**2 + 59*r - 172. Calculate l(12).
-184
Let b(p) = -7084*p - 49927. Give b(-7).
-339
Let f(m) = -491*m + 6129. What is f(12)?
237
Let a(p) = 25*p**2 - 1264*p + 151. Determine a(51).
712
Let p(j) = 220256*j + 4184864. Calculate p(-19).
0
Let h(a) = -16*a**2 + 1732*a - 12183. Calculate h(7).
-843
Let v(d) = -2*d**3 - 427*d**2 + 14338*d + 146. Calculate v(-243).
-97
Let t(b) = b**3 - 28*b**2 - 156*b - 299. Calculate t(33).
-2
Let b(v) = 6*v**2 - 268*v - 76. Give b(45).
14
Let z(i) = i**3 + 144*i**2 - 1088*i + 29. Calculate z(-151).
4710
Let p(b) = 129*b - 12285. Give p(102).
873
Let r(k) = -959*k + 261625. Determine r(273).
-182
Let s(k) = -k**3 + 19*k**2 - 13*k + 90. Calculate s(18).
180
Let t(o) = -667*o - 2048. What is t(-3)?
-47
Let p(n) = n**2 - 111*n + 2070. Calculate p(24).
-18
Let f(q) = 2*q**2 - 161*q - 6760. Calculate f(-30).
-130
Let a(z) = 9*z**2 + 9*z + 41. Give a(-4).
149
Let n(k) = -266*k**2 + 33523*k - 923. What is n(126)?
-41
Let a(n) = 14*n**3 + 975*n**2 + 11468*n - 129. What is a(-15)?
-24
Let z(x) = x**2 + 13803*x + 96567. Give z(-7).
-5
Let f(d) = 38579*d - 1157393. Determine f(30).
-23
Let m(r) = 7*r**3 + 67*r**2 - 247*r - 2140. What is m(-10)?
30
Let b(g) = g**3 - 216*g**2 - 336*g + 25821. Determine b(217).
-2
Let p(x) = -39768*x + 1033978. Determine p(26).
10
Let v(s) = -s**3 - 76*s**2 + 185*s + 254. Determine v(-78).
-2008
Let q(z) = -539*z**2 + 30182*z + 95. Determine q(56).
-17
Let n(p) = -p**3 - 39*p**2 - 970*p - 33161. Give n(-37).
-9
Let r(v) = -4*v**2 - 112*v - 310. Calculate r(-23).
150
Let g(c) = c**3 + 277*c**2 + 1576*c - 13399. Calculate g(-271).
151
Let c(w) = 898*w - 77775. Calculate c(87).
351
Let j(c) = -2198*c + 15768. Calculate j(8).
-1816
Let b(i) = -2*i**3 + 273*i**2 + 437*i - 2664. What is b(138)?
510
Let n(k) = -5*k**2 - 1461*k + 15892. What is n(11)?
-784
Let x(y) = -26*y**2 + 313*y + 1268. Give x(-4).
-400
Let h(c) = -1606*c - 449760. Calculate h(-280).
-80
Let k(n) = -48*n - 3447. Give k(-71).
-39
Let m(v) = 11*v**3 - 15*v**2 + 1012*v - 3186. Determine m(3).
12
Let j(k) = k**3 - 22*k**2 + 126*k - 10. Calculate j(12).
62
Let z(w) = 8*w**3 - 82*w**2 + 43*w + 8. Give z(0).
8
Let u(z) = 2*z**3 - 12*z**2 - 17*z + 15. Determine u(7).
-6
Let a(n) = -79*n**2 - 24095*n + 96383. Calculate a(4).
-1261
Let y(z) = z**2 - 133*z - 48755. What is y(-164)?
-47
Let p(k) = -3*k**3 + 11*k**2 + 1755*k - 8691. What is p(5)?
-16
Let x(y) = y**3 - 19*y**2 + 61*y - 1155. Calculate x(19).
4
Let k(o) = -5*o**2 - 645*o + 6951. Give k(-139).
1
Let g(i) = -56*i**2 + 209*i + 377. What is g(5)?
22
Let x(d) = -3*d**2 - 12387*d - 135969. Give x(-11).
-75
Let x(q) = 19*q**3 + 1161*q**2 + 275*q + 9199. Give x(-61).
-134
Let i(b) = -60596*b - 84. What is i(0)?
-84
Let v(m) = -1202*m - 47509. What is v(-40)?
571
Let j(n) = 12*n**3 + 8*n**2 + 758*n + 3527. Calculate j(-5).
-1563
Let b(r) = -2772*r + 16824. Calculate b(6).
192
Let q(v) = 11*v**2 + 2490*v + 17405. What is q(-7)?
514
Let r(y) = -141*y**2 + 393*y + 126. Give r(3).
36
Let y(s) = -4103*s + 562093. Determine y(137).
-18
Let k(q) = q**3 + 295*q**2 + 1774*q - 9. Determine k(-6).
-249
Let i(b) = 184487*b - 737931. Give i(4).
17
Let x(n) = 9636*n + 17845873. Determine x(-1852).
1
Let g(i) = 4268*i**2 + 149375*i + 46. Determine g(-35).
221
Let y(n) = -6*n**3 + 3*n**2 + 5*n - 1. Calculate y(-3).
173
Let v(j) = 1447*j**3 - 8*j**2 - 7*j. What is v(-1)?
-1448
Let t(d) = d**2 - 35*d - 9746. Determine t(-83).
48
Let p(q) = -4*q**2 - 163*q - 529. Calculate p(-4).
59
Let v(n) = 389880*n - 7407671. Calculate v(19).
49
Let k(j) = -35*j**2 - 182*j + 466. Give k(3).
-395
Let y(c) = -19214*c + 18910. Calculate y(1).
-304
Let f(i) = 426*i**2 - 771*i - 770. What is f(-1)?
427
Let c(k) = -24*k + 270. What is c(35)?
-570
Let k(r) = -2946*r - 26515. Give k(-9).
-1
Let n(c) = 2187*c + 6558. Determine n(-3).
-3
Let p(i) = -3*i**2 - 8357*i + 33420. What is p(4)?
-56
Let l(b) = -b**3 + 357*b**2 - 15890*b + 9144. Give l(305).
-6
Let v(m) = -2358*m - 23730. Determine v(-10).
-150
Let a(j) = 1220*j + 1308895. Determine a(-1073).
-165
Let x(f) = f**2 + 241*f + 5484. Give x(-216).
84
Let o(y) = -10*y**3 - 18*y**2 + 82*y + 477. Determine o(-10).
7857
Let q(t) = 1227*t + 19670. Give q(-16).
38
Let l(v) = 6514*v + 410379. Calculate l(-63).
-3
Let r(a) = 2228*a - 11229. What is r(5)?
-89
Let o(k) = -k**3 - 47*k**2 + 255*k + 353. What is o(-52)?
613
Let c(x) = 89748*x + 1794932. Determine c(-20).
-28
Let u(c) = 37785*c - 1058008. Give u(28).
-28
Let m(k) = k**3 - 75*k**2 - 152*k - 417. Determine m(77).
-263
Let k(b) = 2*b**3 - 11*b**2 - 99*b + 13. Determine k(-5).
-17
Let x(k) = -3611*k + 17620. Give x(4).
3176
Let p(v) = v**2 + 85*v - 123127. Determine p(311).
29
Let t(j) = 2320*j + 43. Determine t(0).
43
Let p(r) = -2*r**3 - 93*r - 1355. Calculate p(-11).
2330
Let v(j) = 3615*j**2 - 159058*j - 71. What is v(44)?
17
Let i(u) = -u**3 + 23*u**2 - 53*u + 159. What is i(21)?
-72
Let n(h) = -h**2 + 135426*h + 3115338. Determine n(-23).
11
Let h(d) = 14*d**2 + 1301*d + 5184. Give h(-4).
204
Let x(i) = 362648*i - 29374491. What is x(81)?
-3
Let o(b) = 7*b**2 + 4375*b - 21881. Determine o(5).
169
Let r(d) = -3*d**3 + 26*d**2 - 101*d + 1834. Calculate r(13).
-1676
Let p(s) = 12*s**3 - 107*s**2 - 28*s - 24. Determine p(9).
-195
Let x(q) = q**2 + 2122*q - 23507. What is x(11)?
-44
Let x(i) = -46239*i + 92459. What is x(2)?
-19
Let k(s) = -3*s**2 - 2689*s + 2689. What is k(1)?
-3
Let o(m) = 2*m**3 + 81*m**2 - 2111*m + 87. Determine o(18).
-3
Let n(y) = 222*y + 54011. Calculate n(-242).
287
Let q(o) = -71*